NOAA-style Climate Reports

   V/Λ SELECT: Month and Year   OR  >   Month
                   Monthly Climatological Summary for Mar 2016

Name: OFallon Weather   City: OFallon   State: MO
Elevation: 532 ft  Lat: N 38° 50' 20"   Lon: W 090° 43' 42"

                  Temperature (°F), Rain (in), Wind Speed (mph)

                                      Heat  Cool        Avg
    Mean                              Deg   Deg         Wind                 Dom
Day Temp  High   Time   Low    Time   Days  Days  Rain  Speed High   Time    Dir
----------------------------------------------------------------------------------
01  39.6  55.3   03:34  25.1   23:52  25.4   0.0  0.08   7.2  30.0   07:20    NW
02  32.7  42.2   16:33  19.7   06:19  32.3   0.0  0.00   3.3  19.0   18:37   SSE
03  40.8  45.7   14:23  37.5   23:57  24.2   0.0  0.12   3.6  15.0   17:43    NE
04  37.8  43.0   16:45  35.2   06:40  27.2   0.0  0.00   3.3  16.0   23:03   ESE
05  42.8  54.5   14:29  32.8   06:41  22.2   0.0  0.00   4.0  21.0   13:43   NNW
06  48.3  62.8   16:36  29.6   06:56  16.7   0.0  0.03   5.1  20.0   12:19     S
07  64.9  74.6   13:20  54.5   00:09   2.9   2.8  0.05   6.7  22.0   13:07   SSW
08  65.2  72.1   12:39  59.8   23:02   1.3   1.5  0.20   7.6  33.0   14:12   SSW
09  60.9  65.9   14:26  55.4   23:58   4.2   0.1  0.03   3.7  14.0   00:29   WSW
10  49.9  55.4   00:00  43.1   23:38  15.1   0.0  0.14   3.2  12.0   03:34   NNE
11  49.1  58.9   15:59  37.5   07:06  15.9   0.0  0.01   2.9  15.0   11:10   ESE
12  53.6  56.5   15:40  49.3   06:02  11.4   0.0  0.02   2.4  14.0   18:21     E
31  60.5  68.0   12:33  50.2   23:56   4.8   0.3  0.15  ----  28.0   11:19     W
----------------------------------------------------------------------------------
    50.9  84.5    15    19.7     2   449.3  13.3  2.93   4.3  37.0    15       S

Max >=  90.0  0
Max <=  32.0  0
Min <=  32.0  3
Min <=   0.0  0
Max Rain: 0.90 on day 30
Days of Rain: 19 (>= 0.01 in)  8 (>= 0.10 in)  0 (>= 1.00 in)
Heat Base: 65.0  Cool Base: 65.0  Method: Integration

Powered by Davis Vantage Pro2  and   CumulusMX   v 3.24.2 (b3235)   MXUI Template v 2.2.5 by  Silver Acorn     Valid HTML5

USA Weather Finder